*p - 6. Give o(b).
2
Let u(y) = 4*y - 3. Let a(c) be the first derivative of 9*c**2/2 - 7*c + 2. Let i(r) = -3*a(r) + 7*u(r). Calculate i(2).
2
Let f(b) be the third derivative of -b**4/24 + b**3/6 + 3*b**2. Let o = 6 + -9. What is f(o)?
4
Let p(i) = 0*i + 2*i + 0*i. Let u(z) = 7*z. Let o(t) = 14*p(t) - 5*u(t). What is o(1)?
-7
Let x(f) = f**2 + 10. Let c be x(0). Suppose 3*a + 10 = -0*k + 4*k, 5*a = 5*k - c. Let j(q) = 4*q. Calculate j(a).
8
Let n = -3 - -6. Let t(b) = -9 + 5 + 3 - n - b. Determine t(-4).
0
Let p be 15/(-2) - (-1)/2. Let b = 2 + p. Let r(u) = u**3 + 5*u**2 + u. Let g be r(b). Let z(d) = 2*d + 5. What is z(g)?
-5
Let a(t) = -t**2 + 5*t + 4. Let w(i) = -i**2 + 6*i + 5. Let m(s) = 5*a(s) - 4*w(s). Determine m(2).
-2
Let r = 3 + -7. Let y = -2 - r. Let t(z) = -z**y - 4 + z + 5 - 4*z. Calculate t(-3).
1
Suppose 5*w = -2*y - 19, -2*w = -5*y - 7 + 3. Let q(a) be the second derivative of 1/3*a**3 + 0 - a + 3/2*a**2. What is q(y)?
-1
Let q(v) = -9*v + 6. Let m(n) be the second derivative of -n**3/2 + n**2 - n. Let l(a) = -8*m(a) + 3*q(a). Let p = 0 + 2. Give l(p).
-4
Suppose 0 = -5*q + q. Suppose 0*z - 2*z - 24 = q. Let h = 7 + z. Let j(k) = -k**2 - 3*k + 6. Determine j(h).
-4
Suppose 3*y - 16 = 5*d + 5*y, -5*y + 14 = -d. Let i be d - (2 + (-3 - 0)). Let s(l) = -2*l**2 - 5*l - 3. Calculate s(i).
-6
Let x = -10 + 16. Let m(v) = -10 - 2*v - x + 9. Give m(-6).
5
Let s(i) = i + 2. Let r = 15 + -23. Determine s(r).
-6
Let a(d) = -d**3 + 5*d**2 - 5*d + 6. Let u be a(4). Let w(n) = n - 2. Let r be w(4). Let v(y) = r*y**u + 5 - 3 + 3*y + 0*y**3 - y**3. Calculate v(3).
2
Let u(a) = a**2 + 3*a + 2. Let x be u(-3). Let h(l) be the first derivative of -1/2*l**2 + 2 + x*l. Calculate h(-2).
4
Let s(d) = -4*d**2 + 1. Suppose 3*f = -a, f + 4 = 3*a - 2*a. Suppose a = q + 2. What is s(q)?
-3
Let n(g) be the first derivative of g**2/2 + 2*g + 6. What is n(-5)?
-3
Let z(d) = -6*d - 14. Let w(j) = -3*j - 7. Let i(l) = 5*w(l) - 3*z(l). Give i(-5).
-8
Let y(z) = -2*z - 3. Let v(n) = -5*n - 9. Let j(x) = 3*v(x) - 8*y(x). What is j(3)?
0
Let q(y) = y - 1. Suppose 4 = -4*o + 6*o. Determine q(o).
1
Let b = 1 - 1. Let w = b + 2. Let s(r) = 6*r - 4*r + 1 - 2 + r**3 - 4*r**w. Calculate s(3).
-4
Let i(b) = -2*b**3 + b**2 - 25*b - 1 + 28*b - b**3. Give i(2).
-15
Suppose 0 = -3*j + j + 2. Let w = j - -1. Let d(o) = 1 - w - 5*o + 3*o. Give d(-5).
9
Let z(d) = 13*d + 5. Let b be -2 - (-6 + -1)/1. Let f(h) = -h - 2 + b + 8*h. Let s(n) = -11*f(n) + 6*z(n). Calculate s(5).
2
Let p(z) be the third derivative of z**4/24 + 2*z**3/3 + 4*z**2. Determine p(-5).
-1
Let g be 1*-4*12/16. Let a(i) = -i**2 - 1. Let c(f) = -f**3 - 8*f**2 - 2*f - 3. Let y(o) = -4*a(o) + c(o). Calculate y(g).
-2
Let v(c) = c - 6. Suppose -2*r = -r - 3. Let p(o) = -o**3 + 3*o**2 + o. Let s be p(r). Determine v(s).
-3
Let x be (9/18)/((-1)/10). Let i(m) = -m**2 - 4*m + 2. Calculate i(x).
-3
Let t(s) be the first derivative of -s**4/4 + 2*s**3/3 + s**2 - 2. Let i be (-4)/3*3*-1. Suppose 0 = -2*u - i*x + 3 - 17, 0 = 2*u + 5*x + 19. What is t(u)?
-3
Let f be 38/(-4) + 3/(-6). Let c be ((-4)/f)/(4/100). Let s = -7 + c. Let k(w) = w**3 - 4*w**2 + 3*w + 3. Determine k(s).
3
Let s = 5 - 9. Let u(t) = 4*t + 3. Let l(z) = 3*z + 2. Let i(q) = s*u(q) + 5*l(q). Suppose 5*p - 6 = 19. Give i(p).
-7
Let d(g) be the first derivative of g**2/2 + 7*g - 10. Give d(-10).
-3
Let n(q) be the first derivative of -2*q**3/3 + q**2/2 + 6. Calculate n(-1).
-3
Let r = 9 - 4. Let u = -3 - -7. Let k(l) = -4 - 2 + l**3 - u*l**2 - l**2. What is k(r)?
-6
Let p(v) = -v**3 + 5*v**2 + 5*v - 3. Suppose -2*l - 6 = 0, -s + 5*s = 4*l + 36. Give p(s).
-9
Let l(h) be the first derivative of h**2/2 + 3*h + 50. Calculate l(-5).
-2
Let h = 43 + -38. Let d(k) = 3*k - 3. Let c(j) = 5*j - 5. Let o(n) = -4*c(n) + 7*d(n). What is o(h)?
4
Let a(o) = -5*o + o**3 - 1 + 7*o**2 - 1 + 11*o. Give a(-6).
-2
Let v(x) be the first derivative of x**2 + 1. Let n be v(2). Suppose 7*h + 3 = n*h. Let r(z) = 4*z**3 - 2*z**2 - z. What is r(h)?
-5
Let a(w) = 2*w - 3. Suppose 3*g - 6 + 0 = 0. Let k(h) = -h + 1. Let t(i) = g*a(i) + 5*k(i). Let n be (-2 + 7)/(2 - 3). Determine t(n).
4
Let x(o) = o**3 + o**2 + o + 1. Suppose -f - 4 = -5*n - 1, 2*f + 2*n = 6. Suppose 0 = u + u - 4*l - 2, 0 = -u - l - f. Calculate x(u).
0
Let n(z) = -z**2 - 7*z - 5. Suppose x - 3*x = 10. Let g be n(x). Let q(r) = r**2 - 5*r + 1. Give q(g).
1
Let v(t) = -t. Let y(h) = -h**2 - 7*h + 1. Let i(o) = 4*v(o) - y(o). Give i(-6).
17
Let b = -2 + 5. Let j(y) = 2*y - b*y + 0*y. Suppose 2*w = 5*w + 12. Give j(w).
4
Let n(q) = q. Let k = 8 - 6. Let i be n(k). Let y(z) = -1 - 3*z + z**i + 0 + 3*z**3 - 2*z**3. What is y(-2)?
1
Let w(a) = 3*a**3 - 14*a**2 + 12*a + 18. Let h(i) = -2*i**3 + 9*i**2 - 8*i - 12. Let k(b) = -7*h(b) - 5*w(b). Give k(6).
6
Let t(b) = 1 - b + 3 - 3. Suppose 5 = 4*y + y. Suppose 3*a = -2*x - 5, -3*a + x = 21 - y. What is t(a)?
6
Let o(k) be the first derivative of -k**2/2 - 3*k + 19. Let l(d) = -d - 2 - 4*d + 6*d. Let m be l(-3). What is o(m)?
2
Let b(n) be the first derivative of -1/4*n**4 + 3*n - 1 - 5/3*n**3 + 0*n**2. Calculate b(-5).
3
Let f be ((-12)/(-5))/(8/20). Let r(q) = -21 + f + 9 + 9 + 3*q. Determine r(-5).
-12
Let k(x) be the third derivative of x**5/30 - x**4/12 - x**3/2 + 10*x**2. Calculate k(-3).
21
Let f(w) = 1. Let b = -11 - -5. Let z(u) = -2*u - 3. Let c(r) = r + 2. Let y(n) = b*c(n) - 4*z(n). Let l(p) = -2*f(p) + 2*y(p). What is l(2)?
6
Let v(f) = -f**3 + 3*f**2 - f + 2. Suppose 3*m = 1 + 5. Let r be (-1)/m + (-3)/2. Let x be 2 - -2*r/(-4). Calculate v(x).
-1
Let p(i) = 2 + 16*i - 2 - 15*i + 12*i**2. Calculate p(1).
13
Suppose v + v - 8 = 0. Suppose -a - 2*g - v = 0, 0 + 3 = -3*g. Let f(r) = 3 - 4 + 1 - 2*r**2. What is f(a)?
-8
Let d(l) = 2*l**2 + 2*l - 6. Let s be d(2). Let b(f) = f + 1. Let i(v) = -6. Let j(g) = -2*b(g) - i(g). Determine j(s).
-8
Let u = -8 + 6. Let m(w) = w - 5. Let g be m(5). Let t(j) = -2*j**2 - 2*j - 4 + g + 6. Calculate t(u).
-2
Let s(v) = v**3 - 4*v**2 + 2*v + 3. Suppose 4*c = -2*z + 8, 3*c - 39 = 4*z - 0*z. Let u = z + 10. What is s(u)?
11
Let j(b) = -b**3 - 4*b**2 - 2*b - 6. Let m be 2*4*4/(-8). Calculate j(m).
2
Let y(v) = v**2 + v. Suppose -3*u + 0*u = 0. Give y(u).
0
Let l(t) = -t**2 + 1. Let s be l(-1). Let h(n) = -n**2 + 2. Calculate h(s).
2
Let d(m) = -3*m**2 + 7*m - 1. Let o(q) = -4*q**2 + 6*q - 1. Let x(t) = -3*d(t) + 2*o(t). What is x(9)?
1
Let p be (18/12)/((-3)/(-4)). Suppose 0*t = -p*t. Let j(m) = -m + 1. What is j(t)?
1
Let n(a) = -4 - 2 - 1 + 2 - 3*a. Suppose -3*c = -0*c + 12. Calculate n(c).
7
Let o(r) = -131*r - 2 - 127*r + 260*r. What is o(3)?
4
Let j(r) be the third derivative of r**6/720 + r**4/6 - 4*r**2. Let v(x) be the second derivative of j(x). Determine v(4).
4
Suppose -k - 3*p = -6*k + 25, 4*p - 10 = -2*k. Let h(o) = -o**2 + 6*o - 5. Give h(k).
0
Let p(w) = -3*w. Suppose 0 = 4*m + 2*n + 6, 5*m - m = 5*n - 13. What is p(m)?
6
Let s(z) = 3*z**3 - 17*z**2 + 2*z - 7. Suppose 2*u - 14 = 2. Let n(p) = -2*p**3 + 11*p**2 - p + 5. Let w(f) = u*n(f) + 5*s(f). Determine w(4).
-3
Suppose 0 = -i - 4 + 1. Let u = 14 + -11. Let v(w) = 0*w**3 + 4*w**u - w**3 - 4*w**2 + 2 - 4*w**3. Determine v(i).
-7
Suppose 21 = k + 17. Let y(r) = r**2 - 3*r + 3. Calculate y(k).
7
Let l(a) = a**3 - 7*a**2 - 9*a + 8. Let g be l(8). Suppose 3*x + 2*x + 20 = g. Let f(j) = -2*j**2 + 2*j**2 + 1 - 2*j**2 + 5*j - j**3. What is f(x)?
13
Let m(c) = -c**2 + 0*c + 2*c - 4*c - 10 + 9. Calculate m(-1).
0
Let k(j) be the first derivative of -j**3/3 + 3*j**2/2 + 5*j - 5. Calculate k(4).
1
Let v be ((-10)/8)/(1/4). Let p(b) = -b**2 - 1. Let a(o) = -o**3 + 11*o**2 - 5*o - 1. Let d(q) = v*p(q) - a(q). What is d(5)?
6
Let j(b) be the first derivative of -b**2/2 + 9*b - 33. Calculate j(4).
5
Let v be 6/36 + (-74)/12. Let h(o) = o**3 + 5*o**2 - 4*o + 6. Calculate h(v).
-6
Let w(t) = -4*t + 4. Let o = -39 + 36. What is w(o)?
16
Let b(v) = v**2 + 6*v - 7. Let o(f) = -f + 1. Let c(r) = b(r) + 4*o(r). Give c(4).
21
Let x = 20 + -17. Let j(z) = 21*z - 15*z - 3*z**2 - 2*z**2 - 2*z**3 + 3*z**x - 1. Let y = 3 - -1. Calculate j(y).
7
Let d(y) = 6 + 4 + y**2 - 5*y - 5 + 4*y. Suppose -7 = -5*c - 32, -c - 5 = 2*u. Give d(u).
5
Let o be -21*((-10)/(-15) + -1). Let x(j) = 2*j 